3. Let n(s) = -s**2. Let a(g) = -5*n(g) - z(g). What is a(m)?
-7
Let a(u) = 5*u**3 + 2*u**2 - 1. Let k = 149 + -128. Let v(c) = c**3 - 21*c**2 + c - 19. Let r be v(k). Give a(r).
47
Let d(j) = -25*j + 28. Let z(p) = p**3 + 30*p**2 - 43*p - 371. Let q be z(-31). Calculate d(q).
3
Let s(q) be the second derivative of q**5/20 - 7*q**4/12 - 7*q**3/6 - 4*q**2 - 3*q. Suppose -5*p + 2*b + 40 = 0, 9*b - 16 = -2*p + 11*b. Give s(p).
0
Let r(b) = -b**3 + 34*b**2 - 63*b - 13. Let t(n) = n**2 - 57*n + 244. Let l be t(4). Give r(l).
19
Let i(b) = b**3 - 15*b**2 + 31*b - 41. Let x be i(13). Let f(a) = a**2 + x*a + 7 + 26*a + 20*a - 73*a. Determine f(7).
35
Let s(z) = z**3 + 5*z**2 + 4*z - 3. Let c(l) = 2*l**3 - 41*l**2 + 26*l - 125. Let r be c(20). What is s(r)?
-23
Let o(a) = 20*a - 160. Suppose 37*g + 16 = 39*g - 4*x, 3*x = 4*g - 32. Calculate o(g).
0
Let i(j) = j**2 + 25*j + 72. Let s be i(-22). Let c(o) = 115*o**2 + 3 - s*o - 57*o**2 - 57*o**2. Give c(5).
-2
Let h(u) = -u**3 - 19*u**2 + 42*u + 2. Let b be h(-21). Let l(k) = -36 + 5*k**2 + 36 + 0*k**b + 2*k. What is l(-2)?
16
Suppose 44*x - 5*r + 12 = 47*x, -2*x + 2*r = -8. Let u(a) = -a**3 + 4*a**2 + 9*a - 17. Determine u(x).
19
Let j = 3484 - 3473. Let t(z) = z**3 - 9*z**2 - 21*z - 7. Give t(j).
4
Let h be -1*(1 - (3 + 0)). Let x(f) be the second derivative of 2/3*f**3 + 0 + 13*f + 0*f**2. Calculate x(h).
8
Let z(u) = -235*u + 2. Let f(j) = 35*j. Let g(a) = 6*f(a) + z(a). Give g(-1).
27
Let s(x) = x + 12. Let y(z) = -7*z**3 - 6*z**2 - 5*z. Let g be y(-1). Let t be 3*g/(-99) + 4104/(-297). What is s(t)?
-2
Let a(l) = 11*l**2 + 124*l - 38. Let x(w) = 15*w**2 + 125*w - 36. Let f(k) = -3*a(k) + 2*x(k). Calculate f(-41).
1
Suppose 0 = 205*q - 178*q + 567. Let w(d) = d**2 + 19*d - 38. Calculate w(q).
4
Let t(c) = -7*c + 37. Let p = -1584 + 1589. Calculate t(p).
2
Suppose 6*t = 2*t. Let h(g) = 9549 - 19084 + 9548 + 2*g. What is h(t)?
13
Suppose -18 = -181*n + 178*n. Let q(i) = -i**2 + 7*i - 39. Give q(n).
-33
Let y(s) = s**2 - 6*s - 29*s**3 - 3 + 0*s + 5*s + 30*s**3. Let w(j) = -3*j**3 - 9*j**2 + 12*j + 3. Let k(l) = -w(l) - 4*y(l). What is k(4)?
-7
Let m(k) = 44*k - 2944. Let t be m(67). Let l(s) = -s**2 + 7*s - 22. What is l(t)?
-10
Let g(z) = -179*z**2 + 52*z + 553. Let s(f) = -215*f**2 + 53*f + 553. Let p(x) = 6*g(x) - 5*s(x). Determine p(-23).
1
Let k be 7/(336/(-108))*16/(-6). Let g(h) = 9*h + 2. Let a(y) = -5*y - 1. Let f(l) = -5*a(l) - 3*g(l). Determine f(k).
-13
Let a(x) = x**3 - 2*x**2 - 5*x + 4. Suppose -5*q = -3*u + 720, -2*q + 251 = -2*u + 3*u. Suppose -12 = -246*h + u*h. Let c be h/(-24) - (-7)/2. Determine a(c).
-2
Suppose 154 - 170 = y - 4*o, 4*y = -2*o - 28. Let g(r) = -3*r - 10. Determine g(y).
14
Let z(a) = a**3 + a**2 - a. Let d(y) = 19*y**3 + 4*y**2 - 3*y. Let i(c) = d(c) - 4*z(c). Suppose -251 + 222 = -29*v. Calculate i(v).
16
Let l(r) = -r**2 - 50*r - 573. Let j be l(-34). Let b(q) = -q**2 - 29*q - 56. Calculate b(j).
-56
Let m(v) = -23*v**2 + 2115*v + 94. Let r be m(92). Let f(c) = 3*c**2 + 4*c - 2. What is f(r)?
18
Let n(s) = -s**2 + 7*s - 6. Suppose 7 = -7*x + 28. Suppose 18 = x*k + 9. Suppose l - 4*l - 2 = g, 0 = -4*g - k*l + 19. What is n(g)?
-6
Let z(g) = -2*g + 11. Let c(s) = 3*s - 22. Let p(j) = -3*c(j) - 5*z(j). Let o = -1950 + 1955. What is p(o)?
16
Let o(k) = 3*k - 3*k - k + 2. Let z be o(4). Let j(n) = 7*n + 744 + 744 - 2986 + 752 + 746. What is j(z)?
-14
Let q(c) = 2*c + 29. Let o(n) = -7. Let g(l) = -9*o(l) - 2*q(l). What is g(9)?
-31
Let k(i) be the second derivative of 3/2*i**2 + 11/12*i**4 + 1/20*i**5 + 2 + 122*i + 2*i**3. Calculate k(-10).
-17
Let b(r) = r**2 + 11*r - 6. Let i be b(-11). Let l be 5/i*(-2 + 12/(-3)). Let u(y) = 5*y + 3. What is u(l)?
28
Suppose -86 = -10*g + 9*g. Let i(l) = 83*l**2 + 1 - 255*l**2 + 2*l**3 + 85*l**2 + g*l**2. Suppose 7*h - 10 = 2*h. Give i(h).
13
Suppose 3*y - 6*y = -273. Suppose -18 = y*q - 94*q. Let c(i) = i**3 - 6*i**2 + i - 8. Determine c(q).
-2
Let c = -171 - -209. Let w(j) = -30 + 116 - c - 7*j - j**2 - 40. Let v be -4 + 2 + (-4 - 1). Determine w(v).
8
Let f(j) be the first derivative of -2*j**2 - 84*j + 4867. What is f(-16)?
-20
Let w = 329 + -317. Let t(l) = l**3 - 11*l**2 - 9*l - 34. Let d be t(w). Let p(j) = -j**2 + 2*j - 2. Give p(d).
-2
Let u(c) = c**3 + 14*c**2 + 12*c - 18. Let g = -186 + 171. Let f = g + 2. Determine u(f).
-5
Let f(n) = -2*n + n**3 + 2*n**2 - 5 + 0*n - n. Suppose 2 = 2*s - 2*y, 5*s + y = -y - 16. Calculate f(s).
1
Let s(t) = -15*t - 1. Let k be -2 + (0 + 2 - 0). Suppose 2*o - 4 = -2*n, -5*n + 0*n + 3*o - 22 = k. Determine s(n).
29
Let u(a) = a + 16. Let x be u(-13). Let c = 8 - x. Let t(o) be the second derivative of -o**4/12 + o**3 - o**2/2 - 2*o - 76. What is t(c)?
4
Suppose -19*a + 7*a + 24661 = 24709. Let c(z) = -7*z - 14. Determine c(a).
14
Suppose -15 = -o - 3. Suppose -3*n + 5*m + 9 = -0*n, 5*m - o = -4*n. Suppose 3*l = -4*i + n, 5*i - 1 + 21 = l. Let h(f) = f**2 - 8*f + 6. Calculate h(l).
-9
Let m = -6 - -10. Let b(i) = 2*i + 0*i**2 + 2*i**3 + 1 - m*i**2 + 0. Suppose -4*y = 2*h - 20, h + 2*h + 5*y = 26. Determine b(h).
5
Let u(n) = -28*n - 3. Let s(m) = -53*m - 8. Let k(c) = 4*s(c) - 7*u(c). Let z(j) = -18*j - 12. Let w(p) = 7*k(p) - 6*z(p). What is w(4)?
-21
Suppose 4*a - 5*u - 1328 + 1333 = 0, -5*a + 5 = 5*u. Let t(b) = b**2 + 3*b + 24. Calculate t(a).
24
Let u(s) = s + 6. Let t(h) = 2*h**3 + 3*h**2 + 2*h + 3. Let f be -3 - (0*(-1)/(-1))/1. Let a be t(f). Let g = a + 23. Determine u(g).
-1
Suppose 0 = -8*k - 3*k + 55. Suppose -4*l = k*d - 3*l - 38, 0 = d - 2*l - 1. Let h(f) = f**3 - 7*f**2 - 2*f + 9. What is h(d)?
-5
Let g(c) be the third derivative of 149*c**4/24 + c**3 - c**2 - 2073. Calculate g(-1).
-143
Let p(x) = x**3 - 3*x**2 + 2*x + 4. Let a(r) = r**3 - 6*r**2 + 3*r + 7. Let d(f) = 6*a(f) - 11*p(f). Let q(s) = 29*s - 204. Let v be q(7). What is d(v)?
4
Suppose 2*g - 8 = 2*k, 0 = -3*g - 16*k + 20*k + 11. Let r(z) = z**3 - 5*z**2 - z + 11. Determine r(g).
6
Let m(x) = x**3 + 11*x**2 - 11*x + 7. Let v = -247 - -261. Let n be 6/(v/(-21)*(-6)/(-8)). What is m(n)?
-5
Let t(z) = -z**3 - 6*z**2 - 7*z - 10. Let u be (-8)/(-10) - 2*(-348)/(-120). Calculate t(u).
0
Let f(i) = -525*i**3 + 1052*i**3 - 528*i**3 + 7*i**2 + 11 - 11*i + 9*i. Give f(7).
-3
Let y(z) = 5*z + 1. Suppose -10*c + 15 = -7*c. Suppose -2*l + 2*d = 0, -8 = -0*l + 3*l + c*d. What is y(l)?
-4
Let i(s) = -4*s - 3. Let l(w) = -3*w - 3. Let d(n) = 2*i(n) - 3*l(n). Suppose p = -6, 0 = -2*t + 229*p - 226*p + 42. What is d(t)?
15
Let q(g) = -16*g**3 - 3*g**2 - 4*g + 4. Let u(n) = 146*n**3 + 30*n**2 + 37*n - 38. Let i(y) = -19*q(y) - 2*u(y). Calculate i(1).
11
Let q(o) be the second derivative of 0 - 2/3*o**3 + 1/20*o**5 - 16*o + 0*o**4 + 3/2*o**2. Determine q(3).
18
Suppose 57*s = 58*s + 2. Let d(n) = -7*n - 1 + 0 - 5*n + 4*n. Give d(s).
15
Let r(o) = -5*o**3 - 23*o**2 + 22*o + 3. Let k(n) = n**3 + n**2 - n - 1. Let d(t) = -6*k(t) - r(t). Let z be d(16). Let g(u) = 2*u + u + 3 - u. What is g(z)?
9
Let x(y) = y**2 + 13*y - 143. Let t be x(7). Let b(i) = 5 - 3 + 1 - 2*i - i**3 - 5*i**2. What is b(t)?
-9
Let f(z) = z**2 + 7*z - 119. Let t be f(8). Let m(y) = 34*y + 2. Determine m(t).
36
Let b(h) = -39*h - 276. Suppose -71 + 56 = 5*s, -5*p = -4*s + 23. What is b(p)?
-3
Suppose 14 = -2*a - 5*j + 3, 5*j = -25. Let g(p) be the first derivative of p**2 - 7*p - 279. Calculate g(a).
7
Suppose 0*p - 4*z + 23 = 5*p, z - 14 = -4*p. Let m(u) = -5*u + 442 - 218 - 222 - p*u**2 + u**3. Determine m(4).
-2
Let t(m) = -3*m**3 + 2*m**2 + m + 2. Let d = -338 - -143. Let a = -197 - d. Give t(a).
32
Let n(q) = 7*q + 13*q - 5 - 2*q - 24*q + 8*q. Suppose 2*w = -5*l + 37, 0 = 3*l - w + 3*w - 23. What is n(l)?
9
Let f(m) = -m + 1. Let b = 2 - 1. Let z(q) = 2*q - 8. Let g(i) = b*z(i) + 3*f(i). Suppose -9*o - 1660 = -1633. Determine g(o).
-2
Let a(p) be the third derivative of -49*p**4/24 - p**3/2 + 31*p**2 + 1. Give a(-2).
95
Let f(j) be the second derivative of -j**4/12 - j**3/6 + 11*j**2/2 - 13*j - 92. Determine f(6).
-31
Let z(o) = -42*o**2 - 7*o + o - 5 + 136*o**2 - 50*o**2 - 47*o**2. Determine z(-4).
-29
Let t(h) = h**3 + 12*h**2 + 27*h + 14. Suppose -5*z = 5*x + 20, -21*z + 23*z - 10 = 0. Calculate t(x).
14
Let q be (-4)/(-18) + 14/(-189)*-348. Suppose 0 = 3*